{"id":1492,"date":"2023-03-15T09:01:07","date_gmt":"2023-03-15T09:01:07","guid":{"rendered":"https:\/\/newhome.qodeinteractive.com\/?page_id=1492"},"modified":"2024-08-30T13:36:53","modified_gmt":"2024-08-30T13:36:53","slug":"contacto","status":"publish","type":"page","link":"https:\/\/cartera.magnipremier.com\/index.php\/contacto\/","title":{"rendered":"Contacta con nosotros"},"content":{"rendered":"\t\t<div data-elementor-type=\"wp-page\" data-elementor-id=\"1492\" class=\"elementor elementor-1492\">\n\t\t\t\t\t\t<section class=\"elementor-section elementor-top-section elementor-element elementor-element-7e774ed qodef-elementor-content-grid elementor-section-boxed elementor-section-height-default elementor-section-height-default\" data-id=\"7e774ed\" data-element_type=\"section\">\n\t\t\t\t\t\t<div class=\"elementor-container elementor-column-gap-default\">\n\t\t\t\t\t<div class=\"elementor-column elementor-col-100 elementor-top-column elementor-element elementor-element-ca8983a\" data-id=\"ca8983a\" data-element_type=\"column\">\n\t\t\t<div class=\"elementor-widget-wrap elementor-element-populated\">\n\t\t\t\t\t\t<div class=\"elementor-element elementor-element-22a773a elementor-widget elementor-widget-image\" data-id=\"22a773a\" data-element_type=\"widget\" data-widget_type=\"image.default\">\n\t\t\t\t<div class=\"elementor-widget-container\">\n\t\t\t<style>\/*! elementor - v3.23.0 - 05-08-2024 *\/\n.elementor-widget-image{text-align:center}.elementor-widget-image a{display:inline-block}.elementor-widget-image a img[src$=\".svg\"]{width:48px}.elementor-widget-image img{vertical-align:middle;display:inline-block}<\/style>\t\t\t\t\t\t\t\t\t\t<img fetchpriority=\"high\" decoding=\"async\" width=\"2560\" height=\"1488\" src=\"https:\/\/cartera.magnipremier.com\/wp-content\/uploads\/2024\/08\/pexels-gary-barnes-6248751-copia-scaled.jpg\" class=\"attachment-full size-full wp-image-4281\" alt=\"\" srcset=\"https:\/\/cartera.magnipremier.com\/wp-content\/uploads\/2024\/08\/pexels-gary-barnes-6248751-copia-scaled.jpg 2560w, https:\/\/cartera.magnipremier.com\/wp-content\/uploads\/2024\/08\/pexels-gary-barnes-6248751-copia-scaled-600x349.jpg 600w, https:\/\/cartera.magnipremier.com\/wp-content\/uploads\/2024\/08\/pexels-gary-barnes-6248751-copia-300x174.jpg 300w, https:\/\/cartera.magnipremier.com\/wp-content\/uploads\/2024\/08\/pexels-gary-barnes-6248751-copia-1024x595.jpg 1024w, https:\/\/cartera.magnipremier.com\/wp-content\/uploads\/2024\/08\/pexels-gary-barnes-6248751-copia-768x446.jpg 768w, https:\/\/cartera.magnipremier.com\/wp-content\/uploads\/2024\/08\/pexels-gary-barnes-6248751-copia-1536x893.jpg 1536w, https:\/\/cartera.magnipremier.com\/wp-content\/uploads\/2024\/08\/pexels-gary-barnes-6248751-copia-2048x1191.jpg 2048w\" sizes=\"(max-width: 2560px) 100vw, 2560px\" \/>\t\t\t\t\t\t\t\t\t\t\t\t\t<\/div>\n\t\t\t\t<\/div>\n\t\t\t\t\t<\/div>\n\t\t<\/div>\n\t\t\t\t\t<\/div>\n\t\t<\/section>\n\t\t\t\t<section class=\"elementor-section elementor-top-section elementor-element elementor-element-fb7f22d qodef-elementor-content-grid elementor-section-boxed elementor-section-height-default elementor-section-height-default\" data-id=\"fb7f22d\" data-element_type=\"section\">\n\t\t\t\t\t\t<div class=\"elementor-container elementor-column-gap-default\">\n\t\t\t\t\t<div class=\"elementor-column elementor-col-50 elementor-top-column elementor-element elementor-element-adcb27d\" data-id=\"adcb27d\" data-element_type=\"column\">\n\t\t\t<div class=\"elementor-widget-wrap elementor-element-populated\">\n\t\t\t\t\t\t<div class=\"elementor-element elementor-element-dc065a4 elementor-widget elementor-widget-newhome_core_section_title\" data-id=\"dc065a4\" data-element_type=\"widget\" data-widget_type=\"newhome_core_section_title.default\">\n\t\t\t\t<div class=\"elementor-widget-container\">\n\t\t\t<div class=\"qodef-shortcode qodef-m  qodef-section-title qodef-alignment--left   qodef--custom-title-font-weight\" style=\"--title-font-weight: 600\">\n\t\t<h2 class=\"qodef-m-title\" >\n\t\t\t\t\tMAGNI Premier\t\t\t<\/h2>\n\t\t<\/div>\n\t\t<\/div>\n\t\t\t\t<\/div>\n\t\t\t\t<div class=\"elementor-element elementor-element-9231161 elementor-widget__width-initial elementor-widget elementor-widget-newhome_core_icon_list_items\" data-id=\"9231161\" data-element_type=\"widget\" data-widget_type=\"newhome_core_icon_list_items.default\">\n\t\t\t\t<div class=\"elementor-widget-container\">\n\t\t\t<div class=\"qodef-icon-list-items qodef-icon--svg-code\" style=\"--qode-item-line-height: 30px\">\n\t<div class=\"qodef-m-inner\">\n\t\t\t<span class=\"qodef-icon-holder\">\n\t\t<svg xmlns=\"http:\/\/www.w3.org\/2000\/svg\" width=\"15\" height=\"14.57\" viewBox=\"0 0 15 14.57\">\n  <g fill=\"none\" stroke=\"#fb8053\" transform=\"translate(-2.5 -.5)\">\n    <path d=\"M14.1 6.551c0 4.318-5.551 8.019-5.551 8.019S3 10.869 3 6.551a5.551 5.551 0 0 1 11.1 0Z\" \/>\n    <circle cx=\"1.5\" cy=\"1.5\" r=\"1.5\" transform=\"translate(7 5)\" \/>\n  <\/g>\n<\/svg>\t<\/span>\n\t\t\t\t\t\t<ul class=\"qodef-m-icon-list\">\n\t\t\t\t\t\t\t\t\t<li class=\"qodef-m-icon-list-item\">\n\t\t\t\t\t\t<p>\t\t\t\t\t\t\t\t\t\t\t\t\t\t\t\t\t\t\t\t\t\t\t\t<a href=\"https:\/\/maps.app.goo.gl\/6A6emG6efovWaC2N8\" target=\"_blank\" rel=\"noopener\">\n\t\t\t\t\t\t\t\t\t\t\t\t\t\t\t\t\tCalle Le\u00f3n y Castillo, 399, Las Palmas de Gran Canaria\t\t\t\t\t\t\t\t\t\t\t\t\t\t\t\t\t<\/a>\n\t\t\t\t\t\t\t\t\t\t\t\t\t\t\t\t\t\t\t\t\t<\/p>\t\t\t\t\t<\/li>\n\t\t\t\t\t\t\t<\/ul>\n\t\t\t<\/div>\n<\/div>\n\t\t<\/div>\n\t\t\t\t<\/div>\n\t\t\t\t<div class=\"elementor-element elementor-element-13d29fc elementor-widget elementor-widget-newhome_core_icon_list_items\" data-id=\"13d29fc\" data-element_type=\"widget\" data-widget_type=\"newhome_core_icon_list_items.default\">\n\t\t\t\t<div class=\"elementor-widget-container\">\n\t\t\t<div class=\"qodef-icon-list-items qodef-icon--svg-code\" >\n\t<div class=\"qodef-m-inner\">\n\t\t\t<span class=\"qodef-icon-holder\">\n\t\t<svg xmlns=\"http:\/\/www.w3.org\/2000\/svg\" width=\"15\" height=\"15.299\" viewBox=\"0 0 15 15.299\">\n  <path fill=\"none\" stroke=\"#fb8053\" d=\"M14.77 11.2v2.152a1.435 1.435 0 0 1-1.564 1.435 14.2 14.2 0 0 1-6.192-2.2 13.99 13.99 0 0 1-4.3-4.3 14.2 14.2 0 0 1-2.2-6.22A1.435 1.435 0 0 1 1.934.5h2.155a1.435 1.435 0 0 1 1.433 1.234 9.212 9.212 0 0 0 .5 2.016 1.435 1.435 0 0 1-.323 1.514l-.91.911a11.479 11.479 0 0 0 4.3 4.3L10 9.564a1.435 1.435 0 0 1 1.514-.323 9.212 9.212 0 0 0 2.016.5 1.435 1.435 0 0 1 1.24 1.459Z\" \/>\n<\/svg>\t<\/span>\n\t\t\t\t\t\t<ul class=\"qodef-m-icon-list\">\n\t\t\t\t\t\t\t\t\t<li class=\"qodef-m-icon-list-item\">\n\t\t\t\t\t\t<p>\t\t\t\t\t\t\t\t\t\t\t\t\t\t\t\t\t\t\t\t\t\t\t\t<a href=\"tel:%20662%2053%2000%2050\" target=\"_self\">\n\t\t\t\t\t\t\t\t\t\t\t\t\t\t\t\t\t(+34) 662 53 00 50\t\t\t\t\t\t\t\t\t\t\t\t\t\t\t\t\t<\/a>\n\t\t\t\t\t\t\t\t\t\t\t\t\t\t\t\t\t\t\t\t\t<\/p>\t\t\t\t\t<\/li>\n\t\t\t\t\t\t\t<\/ul>\n\t\t\t<\/div>\n<\/div>\n\t\t<\/div>\n\t\t\t\t<\/div>\n\t\t\t\t<div class=\"elementor-element elementor-element-badb313 elementor-widget elementor-widget-newhome_core_icon_list_items\" data-id=\"badb313\" data-element_type=\"widget\" data-widget_type=\"newhome_core_icon_list_items.default\">\n\t\t\t\t<div class=\"elementor-widget-container\">\n\t\t\t<div class=\"qodef-icon-list-items qodef-icon--svg-code\" >\n\t<div class=\"qodef-m-inner\">\n\t\t\t<span class=\"qodef-icon-holder\">\n\t\t<svg xmlns=\"http:\/\/www.w3.org\/2000\/svg\" width=\"15\" height=\"9.801\" viewBox=\"0 0 15 9.801\">\n  <g fill=\"none\" stroke=\"#fb8053\">\n    <path d=\"M1.796.5h8.8a1.1 1.1 0 0 1 1.1 1.1v6.6a1.1 1.1 0 0 1-1.1 1.1h-8.8a1.1 1.1 0 0 1-1.1-1.1V1.6a1.1 1.1 0 0 1 1.1-1.1Z\" \/>\n    <path d=\"m11.696 1.6-5.5 3.85-5.5-3.85\" \/>\n  <\/g>\n<\/svg>\t<\/span>\n\t\t\t\t\t\t<ul class=\"qodef-m-icon-list\">\n\t\t\t\t\t\t\t\t\t<li class=\"qodef-m-icon-list-item\">\n\t\t\t\t\t\t<p>\t\t\t\t\t\t\t\t\t\t\t\t\t\t\t\t\t\t\t\t\t\t\t\t<a href=\"mailto:info@magnipremier.com\" target=\"_self\">\n\t\t\t\t\t\t\t\t\t\t\t\t\t\t\t\t\tinfo@magnipremier.com\t\t\t\t\t\t\t\t\t\t\t\t\t\t\t\t\t<\/a>\n\t\t\t\t\t\t\t\t\t\t\t\t\t\t\t\t\t\t\t\t\t<\/p>\t\t\t\t\t<\/li>\n\t\t\t\t\t\t\t<\/ul>\n\t\t\t<\/div>\n<\/div>\n\t\t<\/div>\n\t\t\t\t<\/div>\n\t\t\t\t\t<\/div>\n\t\t<\/div>\n\t\t\t\t<div class=\"elementor-column elementor-col-50 elementor-top-column elementor-element elementor-element-794653c\" data-id=\"794653c\" data-element_type=\"column\">\n\t\t\t<div class=\"elementor-widget-wrap elementor-element-populated\">\n\t\t\t\t\t\t<div class=\"elementor-element elementor-element-e300eb4 elementor-widget elementor-widget-newhome_core_section_title\" data-id=\"e300eb4\" data-element_type=\"widget\" data-widget_type=\"newhome_core_section_title.default\">\n\t\t\t\t<div class=\"elementor-widget-container\">\n\t\t\t<div class=\"qodef-shortcode qodef-m  qodef-section-title qodef-alignment--left   qodef--custom-title-font-weight\" style=\"--title-font-weight: 600\">\n\t\t<h2 class=\"qodef-m-title\" >\n\t\t\t\t\tEnv\u00edanos un mensaje\t\t\t<\/h2>\n\t\t<\/div>\n\t\t<\/div>\n\t\t\t\t<\/div>\n\t\t\t\t<div class=\"elementor-element elementor-element-f6ece8e elementor-widget elementor-widget-wp-widget-newhome_core_contact_form_7\" data-id=\"f6ece8e\" data-element_type=\"widget\" data-widget_type=\"wp-widget-newhome_core_contact_form_7.default\">\n\t\t\t\t<div class=\"elementor-widget-container\">\n\t\t\t\t\t\t<div class=\"qodef-contact-form-7\">\n\t\t\t\t\n<div class=\"wpcf7 no-js\" id=\"wpcf7-f17-o1\" lang=\"en-US\" dir=\"ltr\">\n<div class=\"screen-reader-response\"><p role=\"status\" aria-live=\"polite\" aria-atomic=\"true\"><\/p> <ul><\/ul><\/div>\n<form action=\"\/index.php\/wp-json\/wp\/v2\/pages\/1492#wpcf7-f17-o1\" method=\"post\" class=\"wpcf7-form init demo\" aria-label=\"Contact form\" novalidate=\"novalidate\" data-status=\"init\">\n<div style=\"display: none;\">\n<input type=\"hidden\" name=\"_wpcf7\" value=\"17\" \/>\n<input type=\"hidden\" name=\"_wpcf7_version\" value=\"5.9.8\" \/>\n<input type=\"hidden\" name=\"_wpcf7_locale\" value=\"en_US\" \/>\n<input type=\"hidden\" name=\"_wpcf7_unit_tag\" value=\"wpcf7-f17-o1\" \/>\n<input type=\"hidden\" name=\"_wpcf7_container_post\" value=\"0\" \/>\n<input type=\"hidden\" name=\"_wpcf7_posted_data_hash\" value=\"\" \/>\n<\/div>\n<div class=\"qodef-contact-form-7--type-default\">\n<span class=\"wpcf7-form-control-wrap\" data-name=\"your-name\"><input size=\"40\" maxlength=\"400\" class=\"wpcf7-form-control wpcf7-text wpcf7-validates-as-required\" aria-required=\"true\" aria-invalid=\"false\" placeholder=\"Tu nombre*\" value=\"\" type=\"text\" name=\"your-name\" \/><\/span>\n<span class=\"wpcf7-form-control-wrap\" data-name=\"your-email\"><input size=\"40\" maxlength=\"400\" class=\"wpcf7-form-control wpcf7-email wpcf7-validates-as-required wpcf7-text wpcf7-validates-as-email\" aria-required=\"true\" aria-invalid=\"false\" placeholder=\"Tu email*\" value=\"\" type=\"email\" name=\"your-email\" \/><\/span>\n<span class=\"wpcf7-form-control-wrap\" data-name=\"your-message\"><textarea cols=\"40\" rows=\"5\" maxlength=\"2000\" class=\"wpcf7-form-control wpcf7-textarea\" aria-invalid=\"false\" placeholder=\"Mensaje\" name=\"your-message\"><\/textarea><\/span>\n<button class=\"wpcf7-form-control wpcf7-submit qodef-button qodef-size--normal qodef-layout--filled qodef-m\" type=\"submit\"><span class=\"qodef-m-text\">Enviar mensaje<\/span><\/button>\n<\/div><div class=\"wpcf7-response-output\" aria-hidden=\"true\"><\/div>\n<\/form>\n<\/div>\n\t\t\t<\/div>\n\t\t\t\t\t<\/div>\n\t\t\t\t<\/div>\n\t\t\t\t\t<\/div>\n\t\t<\/div>\n\t\t\t\t\t<\/div>\n\t\t<\/section>\n\t\t\t\t<section class=\"elementor-section elementor-top-section elementor-element elementor-element-37fea98 qodef-elementor-content-grid elementor-section-boxed elementor-section-height-default elementor-section-height-default\" data-id=\"37fea98\" data-element_type=\"section\">\n\t\t\t\t\t\t<div class=\"elementor-container elementor-column-gap-default\">\n\t\t\t\t\t<div class=\"elementor-column elementor-col-100 elementor-top-column elementor-element elementor-element-964bc06\" data-id=\"964bc06\" data-element_type=\"column\">\n\t\t\t<div class=\"elementor-widget-wrap elementor-element-populated\">\n\t\t\t\t\t\t<div class=\"elementor-element elementor-element-6beb93d elementor-widget elementor-widget-spacer\" data-id=\"6beb93d\" data-element_type=\"widget\" data-widget_type=\"spacer.default\">\n\t\t\t\t<div class=\"elementor-widget-container\">\n\t\t\t<style>\/*! elementor - v3.23.0 - 05-08-2024 *\/\n.elementor-column .elementor-spacer-inner{height:var(--spacer-size)}.e-con{--container-widget-width:100%}.e-con-inner>.elementor-widget-spacer,.e-con>.elementor-widget-spacer{width:var(--container-widget-width,var(--spacer-size));--align-self:var(--container-widget-align-self,initial);--flex-shrink:0}.e-con-inner>.elementor-widget-spacer>.elementor-widget-container,.e-con>.elementor-widget-spacer>.elementor-widget-container{height:100%;width:100%}.e-con-inner>.elementor-widget-spacer>.elementor-widget-container>.elementor-spacer,.e-con>.elementor-widget-spacer>.elementor-widget-container>.elementor-spacer{height:100%}.e-con-inner>.elementor-widget-spacer>.elementor-widget-container>.elementor-spacer>.elementor-spacer-inner,.e-con>.elementor-widget-spacer>.elementor-widget-container>.elementor-spacer>.elementor-spacer-inner{height:var(--container-widget-height,var(--spacer-size))}.e-con-inner>.elementor-widget-spacer.elementor-widget-empty,.e-con>.elementor-widget-spacer.elementor-widget-empty{position:relative;min-height:22px;min-width:22px}.e-con-inner>.elementor-widget-spacer.elementor-widget-empty .elementor-widget-empty-icon,.e-con>.elementor-widget-spacer.elementor-widget-empty .elementor-widget-empty-icon{position:absolute;top:0;bottom:0;left:0;right:0;margin:auto;padding:0;width:22px;height:22px}<\/style>\t\t<div class=\"elementor-spacer\">\n\t\t\t<div class=\"elementor-spacer-inner\"><\/div>\n\t\t<\/div>\n\t\t\t\t<\/div>\n\t\t\t\t<\/div>\n\t\t\t\t\t<\/div>\n\t\t<\/div>\n\t\t\t\t\t<\/div>\n\t\t<\/section>\n\t\t\t\t<section class=\"elementor-section elementor-top-section elementor-element elementor-element-9964170 qodef-elementor-content-grid elementor-section-boxed elementor-section-height-default elementor-section-height-default\" data-id=\"9964170\" data-element_type=\"section\">\n\t\t\t\t\t\t<div class=\"elementor-container elementor-column-gap-default\">\n\t\t\t\t\t<div class=\"elementor-column elementor-col-50 elementor-top-column elementor-element elementor-element-280fac0\" data-id=\"280fac0\" data-element_type=\"column\">\n\t\t\t<div class=\"elementor-widget-wrap elementor-element-populated\">\n\t\t\t\t\t\t<div class=\"elementor-element elementor-element-fb79fbe elementor-widget elementor-widget-newhome_core_single_image\" data-id=\"fb79fbe\" data-element_type=\"widget\" data-widget_type=\"newhome_core_single_image.default\">\n\t\t\t\t<div class=\"elementor-widget-container\">\n\t\t\t<div class=\"qodef-shortcode qodef-m  qodef-single-image qodef-layout--default   \" style=\"--qode-image-border-radius: 5px\" data-viewport-offset=\"0.7\">\n\t\t\t<div class=\"qodef-m-image\">\n\t\t\t\t\t\t\t\t<img decoding=\"async\" width=\"2560\" height=\"1707\" data-src=\"https:\/\/cartera.magnipremier.com\/wp-content\/uploads\/2024\/08\/pexels-vlada-karpovich-4050308-scaled.jpg\" class=\"attachment-full size-full lazyload\" alt=\"\" data-srcset=\"https:\/\/cartera.magnipremier.com\/wp-content\/uploads\/2024\/08\/pexels-vlada-karpovich-4050308-scaled.jpg 2560w, https:\/\/cartera.magnipremier.com\/wp-content\/uploads\/2024\/08\/pexels-vlada-karpovich-4050308-scaled-600x400.jpg 600w, https:\/\/cartera.magnipremier.com\/wp-content\/uploads\/2024\/08\/pexels-vlada-karpovich-4050308-300x200.jpg 300w, https:\/\/cartera.magnipremier.com\/wp-content\/uploads\/2024\/08\/pexels-vlada-karpovich-4050308-1024x683.jpg 1024w, https:\/\/cartera.magnipremier.com\/wp-content\/uploads\/2024\/08\/pexels-vlada-karpovich-4050308-768x512.jpg 768w, https:\/\/cartera.magnipremier.com\/wp-content\/uploads\/2024\/08\/pexels-vlada-karpovich-4050308-1536x1024.jpg 1536w, https:\/\/cartera.magnipremier.com\/wp-content\/uploads\/2024\/08\/pexels-vlada-karpovich-4050308-2048x1365.jpg 2048w\" data-sizes=\"(max-width: 2560px) 100vw, 2560px\" src=\"data:image\/gif;base64,R0lGODlhAQABAAAAACH5BAEKAAEALAAAAAABAAEAAAICTAEAOw==\" style=\"--smush-placeholder-width: 2560px; --smush-placeholder-aspect-ratio: 2560\/1707;\" \/><noscript><img decoding=\"async\" width=\"2560\" height=\"1707\" src=\"https:\/\/cartera.magnipremier.com\/wp-content\/uploads\/2024\/08\/pexels-vlada-karpovich-4050308-scaled.jpg\" class=\"attachment-full size-full\" alt=\"\" srcset=\"https:\/\/cartera.magnipremier.com\/wp-content\/uploads\/2024\/08\/pexels-vlada-karpovich-4050308-scaled.jpg 2560w, https:\/\/cartera.magnipremier.com\/wp-content\/uploads\/2024\/08\/pexels-vlada-karpovich-4050308-scaled-600x400.jpg 600w, https:\/\/cartera.magnipremier.com\/wp-content\/uploads\/2024\/08\/pexels-vlada-karpovich-4050308-300x200.jpg 300w, https:\/\/cartera.magnipremier.com\/wp-content\/uploads\/2024\/08\/pexels-vlada-karpovich-4050308-1024x683.jpg 1024w, https:\/\/cartera.magnipremier.com\/wp-content\/uploads\/2024\/08\/pexels-vlada-karpovich-4050308-768x512.jpg 768w, https:\/\/cartera.magnipremier.com\/wp-content\/uploads\/2024\/08\/pexels-vlada-karpovich-4050308-1536x1024.jpg 1536w, https:\/\/cartera.magnipremier.com\/wp-content\/uploads\/2024\/08\/pexels-vlada-karpovich-4050308-2048x1365.jpg 2048w\" sizes=\"(max-width: 2560px) 100vw, 2560px\" \/><\/noscript>\t\t\t\t\t\t\t<\/div>\n\t<\/div>\n\t\t<\/div>\n\t\t\t\t<\/div>\n\t\t\t\t\t<\/div>\n\t\t<\/div>\n\t\t\t\t<div class=\"elementor-column elementor-col-50 elementor-top-column elementor-element elementor-element-0ec63ca\" data-id=\"0ec63ca\" data-element_type=\"column\">\n\t\t\t<div class=\"elementor-widget-wrap elementor-element-populated\">\n\t\t\t\t\t\t<div class=\"elementor-element elementor-element-f3f47d8 elementor-widget__width-initial elementor-widget-tablet__width-inherit elementor-widget elementor-widget-newhome_core_section_title\" data-id=\"f3f47d8\" data-element_type=\"widget\" data-widget_type=\"newhome_core_section_title.default\">\n\t\t\t\t<div class=\"elementor-widget-container\">\n\t\t\t<div class=\"qodef-shortcode qodef-m  qodef-section-title qodef-alignment--left   qodef--custom-title-font-weight\" style=\"--title-font-weight: 600\">\n\t\t<h2 class=\"qodef-m-title\" >\n\t\t\t\t\t\u00bfQuieres trabajar con nosotros?\t\t\t<\/h2>\n\t\t<p class=\"qodef-m-text-area\" style=\"margin-top: 17px\">\n\t\tActualmente, estamos enfoc\u00e1ndonos en aceptar \u00fanicamente colaboradores, con el fin de mantener un equipo de alto nivel de especializaci\u00f3n. <br><br>Si conoces a alguien interesado en vender y deseas obtener una comisi\u00f3n, no dudes en ponerte en contacto con nosotros. Te invitamos a estar atent@ a las pr\u00f3ximas novedades.\t<\/p>\n\t<\/div>\n\t\t<\/div>\n\t\t\t\t<\/div>\n\t\t\t\t<div class=\"elementor-element elementor-element-6859c43 elementor-widget elementor-widget-image\" data-id=\"6859c43\" data-element_type=\"widget\" data-widget_type=\"image.default\">\n\t\t\t\t<div class=\"elementor-widget-container\">\n\t\t\t\t\t\t\t\t\t\t\t\t\t<img decoding=\"async\" width=\"300\" height=\"97\" data-src=\"https:\/\/cartera.magnipremier.com\/wp-content\/uploads\/2024\/08\/MAGNIpremier-300x97.png\" class=\"attachment-medium size-medium wp-image-3389 lazyload\" alt=\"MAGNI premier, la mejor inmobiliaria de Gran Canaria\" data-srcset=\"https:\/\/cartera.magnipremier.com\/wp-content\/uploads\/2024\/08\/MAGNIpremier-300x97.png 300w, https:\/\/cartera.magnipremier.com\/wp-content\/uploads\/2024\/08\/MAGNIpremier-600x193.png 600w, https:\/\/cartera.magnipremier.com\/wp-content\/uploads\/2024\/08\/MAGNIpremier-1024x330.png 1024w, https:\/\/cartera.magnipremier.com\/wp-content\/uploads\/2024\/08\/MAGNIpremier-768x247.png 768w, https:\/\/cartera.magnipremier.com\/wp-content\/uploads\/2024\/08\/MAGNIpremier.png 1080w\" data-sizes=\"(max-width: 300px) 100vw, 300px\" src=\"data:image\/gif;base64,R0lGODlhAQABAAAAACH5BAEKAAEALAAAAAABAAEAAAICTAEAOw==\" style=\"--smush-placeholder-width: 300px; --smush-placeholder-aspect-ratio: 300\/97;\" \/><noscript><img decoding=\"async\" width=\"300\" height=\"97\" src=\"https:\/\/cartera.magnipremier.com\/wp-content\/uploads\/2024\/08\/MAGNIpremier-300x97.png\" class=\"attachment-medium size-medium wp-image-3389\" alt=\"MAGNI premier, la mejor inmobiliaria de Gran Canaria\" srcset=\"https:\/\/cartera.magnipremier.com\/wp-content\/uploads\/2024\/08\/MAGNIpremier-300x97.png 300w, https:\/\/cartera.magnipremier.com\/wp-content\/uploads\/2024\/08\/MAGNIpremier-600x193.png 600w, https:\/\/cartera.magnipremier.com\/wp-content\/uploads\/2024\/08\/MAGNIpremier-1024x330.png 1024w, https:\/\/cartera.magnipremier.com\/wp-content\/uploads\/2024\/08\/MAGNIpremier-768x247.png 768w, https:\/\/cartera.magnipremier.com\/wp-content\/uploads\/2024\/08\/MAGNIpremier.png 1080w\" sizes=\"(max-width: 300px) 100vw, 300px\" \/><\/noscript>\t\t\t\t\t\t\t\t\t\t\t\t\t<\/div>\n\t\t\t\t<\/div>\n\t\t\t\t\t<\/div>\n\t\t<\/div>\n\t\t\t\t\t<\/div>\n\t\t<\/section>\n\t\t\t\t<\/div>\n\t\t","protected":false},"excerpt":{"rendered":"<p>MAGNI Premier Calle Le\u00f3n y Castillo, 399, Las Palmas de Gran Canaria (+34) 662 53 00 50 info@magnipremier.com Env\u00edanos un mensaje \u00bfQuieres trabajar con nosotros? Actualmente, estamos enfoc\u00e1ndonos en aceptar \u00fanicamente colaboradores, con el fin de mantener un equipo de alto nivel de especializaci\u00f3n. Si conoces a alguien interesado en vender y deseas obtener una [&hellip;]<\/p>\n","protected":false},"author":1,"featured_media":0,"parent":0,"menu_order":0,"comment_status":"closed","ping_status":"closed","template":"page-full-width.php","meta":{"footnotes":""},"class_list":["post-1492","page","type-page","status-publish","hentry"],"_links":{"self":[{"href":"https:\/\/cartera.magnipremier.com\/index.php\/wp-json\/wp\/v2\/pages\/1492","targetHints":{"allow":["GET"]}}],"collection":[{"href":"https:\/\/cartera.magnipremier.com\/index.php\/wp-json\/wp\/v2\/pages"}],"about":[{"href":"https:\/\/cartera.magnipremier.com\/index.php\/wp-json\/wp\/v2\/types\/page"}],"author":[{"embeddable":true,"href":"https:\/\/cartera.magnipremier.com\/index.php\/wp-json\/wp\/v2\/users\/1"}],"replies":[{"embeddable":true,"href":"https:\/\/cartera.magnipremier.com\/index.php\/wp-json\/wp\/v2\/comments?post=1492"}],"version-history":[{"count":13,"href":"https:\/\/cartera.magnipremier.com\/index.php\/wp-json\/wp\/v2\/pages\/1492\/revisions"}],"predecessor-version":[{"id":4285,"href":"https:\/\/cartera.magnipremier.com\/index.php\/wp-json\/wp\/v2\/pages\/1492\/revisions\/4285"}],"wp:attachment":[{"href":"https:\/\/cartera.magnipremier.com\/index.php\/wp-json\/wp\/v2\/media?parent=1492"}],"curies":[{"name":"wp","href":"https:\/\/api.w.org\/{rel}","templated":true}]}}